{"id":4952,"date":"2016-07-06T18:53:58","date_gmt":"2016-07-06T16:53:58","guid":{"rendered":"http:\/\/www.teresianum.net\/?page_id=4952"},"modified":"2021-07-21T09:55:30","modified_gmt":"2021-07-21T07:55:30","slug":"so3502-elisabetta-della-trinita-paradigma-profetico-per-luomo-di-oggi","status":"publish","type":"page","link":"https:\/\/www.teresianum.net\/en\/specializzazione-in-teologia-spirituale\/ciclo-per-la-licenza-ts\/curriculum-di-studio\/so3502-elisabetta-della-trinita-paradigma-profetico-per-luomo-di-oggi\/","title":{"rendered":"SO3502 Santa Elisabetta della Trinit\u00e0: paradigma profetico per l\u2019uomo di oggi"},"content":{"rendered":"<p class=\"qtranxs-available-languages-message qtranxs-available-languages-message-en\"> <p><span style=\"color: #000000;\"><em>Docente<\/em>: <a href=\"https:\/\/www.teresianum.net\/?page_id=3398\" target=\"_blank\" rel=\"noopener noreferrer\">Prof.ssa Stefania Tassotti<\/a> <\/span><\/p>\n<p style=\"text-align: justify;\"><strong>\u00a0<\/strong><\/p>\n<p style=\"text-align: justify;\"><strong>Giustificazione<\/strong><\/p>\n<p style=\"text-align: justify;\">Elisabetta Cadez (Elisabetta della Trinit\u00e0) non \u00e8 una teologa, ma la sua esperienza interiore pu\u00f2 essere definita una \u201cteologia esistenziale\u201d: ci orienta a tornare all\u2019interiorit\u00e0 per trovare la presenza, la vicinanza e l\u2019amore infinito del Dio trino che unifica la nostra vita e le conferisce il suo vero significato. La sua esperienza e la sua dottrina possono aiutare ogni cristiano a vivere una spiritualit\u00e0 capace di rispondere alle necessit\u00e0 e alle inquietudini del nostro tempo.<\/p>\n<p style=\"text-align: justify;\"><strong>Obiettivi<\/strong><\/p>\n<p style=\"text-align: justify;\">Il corso si prefigge di avvicinare gli studenti alla figura e alla spiritualit\u00e0 di Elisabetta della Trinit\u00e0 attraverso la lettura di alcuni testi per favorirne la comprensione e l\u2019applicazione nelle varie situazioni di vita contemporanea<\/p>\n<p style=\"text-align: justify;\"><strong>Contenuti<\/strong><\/p>\n<p style=\"text-align: justify;\">Breve presentazione degli scritti di Elisabetta della Trinit\u00e0: struttura, contenuti dottrinali, e spirituali, riflessione e rilettura esistenziale di alcuni testi scelti<\/p>\n<p style=\"text-align: justify;\"><strong>Metodologia<\/strong><\/p>\n<p style=\"text-align: justify;\">Il corso seguir\u00e0 la metodologia magistrale con lo svolgersi delle lezioni tenute dal professore, con la possibilit\u00e0 per gli studenti di interagire con domande e contributi durante le lezioni stesse.<\/p>\n<p style=\"text-align: justify;\"><strong>Criteri di valutazione<\/strong><\/p>\n<p style=\"text-align: justify;\">Un esame orale su temi scelti dal professore. Nella valutazione si terr\u00e0 conto della partecipazione attiva durante le lezioni.<\/p>\n<p style=\"text-align: justify;\"><strong>Distribuzione del tempo di lavoro<\/strong><\/p>\n<p style=\"text-align: justify;\">La maggior parte delle ore a disposizione verranno utilizzate per lezioni frontali, riservando un congruo tempo ai lavori interattivi.<\/p>\n<p style=\"text-align: justify;\"><strong>Bibliografia<\/strong><\/p>\n<ul>\n<li style=\"text-align: justify;\">ELISABETTA DELLA TRINIT\u00c0, <em>Scritti<\/em>, Ed. OCD, Roma 2013.<\/li>\n<li style=\"text-align: justify;\">R. FORNARA, <em>Abitare la tua casa. Elevazione alla Trinit\u00e0 di Elisabetta della Trinit\u00e0. Testo e commento<\/em>, Ed. Monastero San Giuseppe, Roma 2005.<\/li>\n<li style=\"text-align: justify;\">C. GARC\u00cdA, <em>Isabel de la Trinidad. <\/em><em>Experiencia de Dios en su vida y escritos<\/em>, Monte Carmelo, Burgos 2006.<\/li>\n<li style=\"text-align: justify;\">A.M. SICARI, <em>Elisabetta della Trinit\u00e0. Un\u2019esistenza teologica<\/em>, Ed. OCD, Roma 1984.<\/li>\n<\/ul>","protected":false},"excerpt":{"rendered":"<p>Docente: Prof.ssa Stefania Tassotti \u00a0 Giustificazione Elisabetta Cadez (Elisabetta della Trinit\u00e0) non \u00e8 una teologa, ma la sua esperienza interiore [&hellip;]<\/p>\n","protected":false},"author":2,"featured_media":0,"parent":20526,"menu_order":23,"comment_status":"closed","ping_status":"closed","template":"","meta":{"footnotes":""},"_links":{"self":[{"href":"https:\/\/www.teresianum.net\/en\/wp-json\/wp\/v2\/pages\/4952"}],"collection":[{"href":"https:\/\/www.teresianum.net\/en\/wp-json\/wp\/v2\/pages"}],"about":[{"href":"https:\/\/www.teresianum.net\/en\/wp-json\/wp\/v2\/types\/page"}],"author":[{"embeddable":true,"href":"https:\/\/www.teresianum.net\/en\/wp-json\/wp\/v2\/users\/2"}],"replies":[{"embeddable":true,"href":"https:\/\/www.teresianum.net\/en\/wp-json\/wp\/v2\/comments?post=4952"}],"version-history":[{"count":10,"href":"https:\/\/www.teresianum.net\/en\/wp-json\/wp\/v2\/pages\/4952\/revisions"}],"predecessor-version":[{"id":17476,"href":"https:\/\/www.teresianum.net\/en\/wp-json\/wp\/v2\/pages\/4952\/revisions\/17476"}],"up":[{"embeddable":true,"href":"https:\/\/www.teresianum.net\/en\/wp-json\/wp\/v2\/pages\/20526"}],"wp:attachment":[{"href":"https:\/\/www.teresianum.net\/en\/wp-json\/wp\/v2\/media?parent=4952"}],"curies":[{"name":"wp","href":"https:\/\/api.w.org\/{rel}","templated":true}]}}

SO3502 Santa Elisabetta della Trinità: paradigma profetico per l’uomo di oggi

<p class="qtranxs-available-languages-message qtranxs-available-languages-message-en"> <p><span style="color: #000000;"><em>Docente</em>: <a href="https://www.teresianum.net/?page_id=3398" target="_blank" rel="noopener noreferrer">Prof.ssa Stefania Tassotti</a> </span></p>
<p style="text-align: justify;"><strong> </strong></p>
<p style="text-align: justify;"><strong>Giustificazione</strong></p>
<p style="text-align: justify;">Elisabetta Cadez (Elisabetta della Trinità) non è una teologa, ma la sua esperienza interiore può essere definita una “teologia esistenziale”: ci orienta a tornare all’interiorità per trovare la presenza, la vicinanza e l’amore infinito del Dio trino che unifica la nostra vita e le conferisce il suo vero significato. La sua esperienza e la sua dottrina possono aiutare ogni cristiano a vivere una spiritualità capace di rispondere alle necessità e alle inquietudini del nostro tempo.</p>
<p style="text-align: justify;"><strong>Obiettivi</strong></p>
<p style="text-align: justify;">Il corso si prefigge di avvicinare gli studenti alla figura e alla spiritualità di Elisabetta della Trinità attraverso la lettura di alcuni testi per favorirne la comprensione e l’applicazione nelle varie situazioni di vita contemporanea</p>
<p style="text-align: justify;"><strong>Contenuti</strong></p>
<p style="text-align: justify;">Breve presentazione degli scritti di Elisabetta della Trinità: struttura, contenuti dottrinali, e spirituali, riflessione e rilettura esistenziale di alcuni testi scelti</p>
<p style="text-align: justify;"><strong>Metodologia</strong></p>
<p style="text-align: justify;">Il corso seguirà la metodologia magistrale con lo svolgersi delle lezioni tenute dal professore, con la possibilità per gli studenti di interagire con domande e contributi durante le lezioni stesse.</p>
<p style="text-align: justify;"><strong>Criteri di valutazione</strong></p>
<p style="text-align: justify;">Un esame orale su temi scelti dal professore. Nella valutazione si terrà conto della partecipazione attiva durante le lezioni.</p>
<p style="text-align: justify;"><strong>Distribuzione del tempo di lavoro</strong></p>
<p style="text-align: justify;">La maggior parte delle ore a disposizione verranno utilizzate per lezioni frontali, riservando un congruo tempo ai lavori interattivi.</p>
<p style="text-align: justify;"><strong>Bibliografia</strong></p>
<ul>
<li style="text-align: justify;">ELISABETTA DELLA TRINITÀ, <em>Scritti</em>, Ed. OCD, Roma 2013.</li>
<li style="text-align: justify;">R. FORNARA, <em>Abitare la tua casa. Elevazione alla Trinità di Elisabetta della Trinità. Testo e commento</em>, Ed. Monastero San Giuseppe, Roma 2005.</li>
<li style="text-align: justify;">C. GARCÍA, <em>Isabel de la Trinidad. </em><em>Experiencia de Dios en su vida y escritos</em>, Monte Carmelo, Burgos 2006.</li>
<li style="text-align: justify;">A.M. SICARI, <em>Elisabetta della Trinità. Un’esistenza teologica</em>, Ed. OCD, Roma 1984.</li>
</ul>

<p>Docente: Prof.ssa Stefania Tassotti   Giustificazione Elisabetta Cadez (Elisabetta della Trinità) non è una teologa, ma la sua esperienza interiore [&hellip;]</p>
