{"id":12238,"date":"2018-07-15T21:56:35","date_gmt":"2018-07-15T19:56:35","guid":{"rendered":"http:\/\/www.teresianum.net\/?page_id=12238"},"modified":"2022-09-16T16:04:19","modified_gmt":"2022-09-16T14:04:19","slug":"so4511-vie-dellunione-con-dio-la-mistica-e-i-mistici-nella-scuola-francescana","status":"publish","type":"page","link":"https:\/\/www.teresianum.net\/en\/specializzazione-in-teologia-spirituale\/ciclo-per-la-licenza-ts\/curriculum-di-studio\/so4511-vie-dellunione-con-dio-la-mistica-e-i-mistici-nella-scuola-francescana\/","title":{"rendered":"SO4511 Vie dell\u2019unione con Dio. La mistica e i mistici nella scuola francescana"},"content":{"rendered":"<p class=\"qtranxs-available-languages-message qtranxs-available-languages-message-en\"> <p><em>Docente:<\/em> Prof. \n<p>&nbsp;<\/p>\n<p><strong>Giustificazione<\/strong><\/p>\n<p style=\"text-align: justify;\">Il corso si propone la finalit\u00e0 di delineare i caratteri propri della mistica francescana nel panorama ecclesiale, nelle diverse epoche storiche, nonch\u00e9 di descrivere i profili e la spiritualit\u00e0 dei mistici della famiglia serafica, che si sono maggiormente distinti lungo i secoli.<\/p>\n<p><strong>Contenuti<\/strong><\/p>\n<p style=\"text-align: justify;\">Francesco d\u2019Assisi ha inaugurato, nel tempo in cui \u00e8 vissuto, una nuova forma di spiritualit\u00e0, che a partire dal suo esempio e dal suo insegnamento, \u00e8 caratterizzata da molteplici figure di mistici. Il corso realizzer\u00e0 una \u201ccarrellata\u201d, dal medioevo ad oggi, per individuare i personaggi-simbolo di questa specifica via dell\u2019unione con Dio. Tra loro ricordiamo Chiara d\u2019Assisi, Egidio di Assisi, Antonio Di Padova. Bonaventura da Bagnoregio, Angela da Foligno, Jacopone da Todi, Raimondo Lullo, Caterina da Bologna, Caterina da Genova, Bernardino di Laredo, Francesco di Osuna, Pietro d\u2019Alcantara, Massimiliano Kolbe, Pio da Pietrelcina e molti altri. A partire da queste singolari esperienze, tratteggeremo gli elementi fondanti la mistica francescana.<\/p>\n<p><strong>Metodologia<\/strong><\/p>\n<p style=\"text-align: justify;\">Le lezioni si svolgeranno nella classica forma \u201cfrontale\u201d. Il contenuto del corso sar\u00e0 proposto in aula nella versione \u201cpower point\u201d. Allo studente sar\u00e0 data la possibilit\u00e0 di consultare un\u2019ampia bibliografia, oltre quella proposta pi\u00f9 avanti.<\/p>\n<p><strong>Criteri di valutazione<\/strong><\/p>\n<p style=\"text-align: justify;\">Gli studenti sosterranno un colloquio con il docente circa i contenuti del corso.<\/p>\n<p><strong>Distribuzione del tempo<\/strong><\/p>\n<p style=\"text-align: justify;\">Il docente detter\u00e0 il contenuto di tutto il programma nell\u2019arco del tempo concordato, offrendo anche spunti di riflessione per ulteriori ricerche.<\/p>\n<p><strong>Bibliografia<\/strong><\/p>\n<ul>\n<li style=\"text-align: justify;\">Dizionario Francescano, I Mistici, voll. I-IV, Bologna 1995, 1997, 1999, 2010;<\/li>\n<li style=\"text-align: justify;\">M. BARTOLI &#8211; W. BLOCK &#8211; A. MASTROMATTEO, Storia della Spiritualit\u00e0 Francescana secoli XIII-XVI, Bologna 2017;<\/li>\n<li style=\"text-align: justify;\">G. IAMMARRONE, La spiritualit\u00e0 francescana. Anima e contenuti fondamentali, Padova 1993;<\/li>\n<li style=\"text-align: justify;\">L. IRIARTE, Vocazione Francescana, Bologna 2006;<\/li>\n<li style=\"text-align: justify;\">L. IRIARTE, Storia del Francescanesimo, Bologna 1994.<\/li>\n<\/ul>","protected":false},"excerpt":{"rendered":"<p>Docente: Prof. &nbsp; Giustificazione Il corso si propone la finalit\u00e0 di delineare i caratteri propri della mistica francescana nel panorama [&hellip;]<\/p>\n","protected":false},"author":2,"featured_media":0,"parent":20526,"menu_order":17,"comment_status":"closed","ping_status":"closed","template":"","meta":{"footnotes":""},"_links":{"self":[{"href":"https:\/\/www.teresianum.net\/en\/wp-json\/wp\/v2\/pages\/12238"}],"collection":[{"href":"https:\/\/www.teresianum.net\/en\/wp-json\/wp\/v2\/pages"}],"about":[{"href":"https:\/\/www.teresianum.net\/en\/wp-json\/wp\/v2\/types\/page"}],"author":[{"embeddable":true,"href":"https:\/\/www.teresianum.net\/en\/wp-json\/wp\/v2\/users\/2"}],"replies":[{"embeddable":true,"href":"https:\/\/www.teresianum.net\/en\/wp-json\/wp\/v2\/comments?post=12238"}],"version-history":[{"count":6,"href":"https:\/\/www.teresianum.net\/en\/wp-json\/wp\/v2\/pages\/12238\/revisions"}],"predecessor-version":[{"id":23467,"href":"https:\/\/www.teresianum.net\/en\/wp-json\/wp\/v2\/pages\/12238\/revisions\/23467"}],"up":[{"embeddable":true,"href":"https:\/\/www.teresianum.net\/en\/wp-json\/wp\/v2\/pages\/20526"}],"wp:attachment":[{"href":"https:\/\/www.teresianum.net\/en\/wp-json\/wp\/v2\/media?parent=12238"}],"curies":[{"name":"wp","href":"https:\/\/api.w.org\/{rel}","templated":true}]}}

<p class="qtranxs-available-languages-message qtranxs-available-languages-message-en"> <p><em>Docente:</em> Prof. 
<p>&nbsp;</p>
<p><strong>Giustificazione</strong></p>
<p style="text-align: justify;">Il corso si propone la finalità di delineare i caratteri propri della mistica francescana nel panorama ecclesiale, nelle diverse epoche storiche, nonché di descrivere i profili e la spiritualità dei mistici della famiglia serafica, che si sono maggiormente distinti lungo i secoli.</p>
<p><strong>Contenuti</strong></p>
<p style="text-align: justify;">Francesco d’Assisi ha inaugurato, nel tempo in cui è vissuto, una nuova forma di spiritualità, che a partire dal suo esempio e dal suo insegnamento, è caratterizzata da molteplici figure di mistici. Il corso realizzerà una “carrellata”, dal medioevo ad oggi, per individuare i personaggi-simbolo di questa specifica via dell’unione con Dio. Tra loro ricordiamo Chiara d’Assisi, Egidio di Assisi, Antonio Di Padova. Bonaventura da Bagnoregio, Angela da Foligno, Jacopone da Todi, Raimondo Lullo, Caterina da Bologna, Caterina da Genova, Bernardino di Laredo, Francesco di Osuna, Pietro d’Alcantara, Massimiliano Kolbe, Pio da Pietrelcina e molti altri. A partire da queste singolari esperienze, tratteggeremo gli elementi fondanti la mistica francescana.</p>
<p><strong>Metodologia</strong></p>
<p style="text-align: justify;">Le lezioni si svolgeranno nella classica forma “frontale”. Il contenuto del corso sarà proposto in aula nella versione “power point”. Allo studente sarà data la possibilità di consultare un’ampia bibliografia, oltre quella proposta più avanti.</p>
<p><strong>Criteri di valutazione</strong></p>
<p style="text-align: justify;">Gli studenti sosterranno un colloquio con il docente circa i contenuti del corso.</p>
<p><strong>Distribuzione del tempo</strong></p>
<p style="text-align: justify;">Il docente detterà il contenuto di tutto il programma nell’arco del tempo concordato, offrendo anche spunti di riflessione per ulteriori ricerche.</p>
<p><strong>Bibliografia</strong></p>
<ul>
<li style="text-align: justify;">Dizionario Francescano, I Mistici, voll. I-IV, Bologna 1995, 1997, 1999, 2010;</li>
<li style="text-align: justify;">M. BARTOLI &#8211; W. BLOCK &#8211; A. MASTROMATTEO, Storia della Spiritualità Francescana secoli XIII-XVI, Bologna 2017;</li>
<li style="text-align: justify;">G. IAMMARRONE, La spiritualità francescana. Anima e contenuti fondamentali, Padova 1993;</li>
<li style="text-align: justify;">L. IRIARTE, Vocazione Francescana, Bologna 2006;</li>
<li style="text-align: justify;">L. IRIARTE, Storia del Francescanesimo, Bologna 1994.</li>
</ul>

<p>Docente: Prof. &nbsp; Giustificazione Il corso si propone la finalità di delineare i caratteri propri della mistica francescana nel panorama [&hellip;]</p>
